{"id":7647,"date":"2020-06-26T09:12:00","date_gmt":"2020-06-26T08:12:00","guid":{"rendered":"https:\/\/alp-rent.com\/datenschutzbestimmungen\/"},"modified":"2020-06-26T09:12:00","modified_gmt":"2020-06-26T08:12:00","slug":"datenschutzbestimmungen","status":"publish","type":"page","link":"https:\/\/alp-rent.com\/de\/datenschutzbestimmungen\/","title":{"rendered":"Datenschutzbestimmungen"},"content":{"rendered":"<h2><strong>SCHUTZ DER PERS\u00d6NLICHEN DATEN<\/strong><\/h2>\n<p>Wir respektieren Ihre Privatsph\u00e4re und verpflichten uns, die \u00fcber das Online-Informationssystem gesammelten pers\u00f6nlichen Daten zu sch\u00fctzen und sie nicht ohne Ihre Zustimmung an Dritte weiterzugeben oder f\u00fcr andere Zwecke zu verwenden. Da es im Online-Informationssystem bestimmte Links zu anderen, externen Websites gibt, die nicht mit uns verbunden sind, \u00fcbernehmen wir keine Verantwortung f\u00fcr den Schutz der Daten auf diesen Websites. Gleichzeitig verpflichten wir uns, unser Bestes zu tun, um die Daten und die Privatsph\u00e4re der Besucher der Website zu sch\u00fctzen. Um den unbefugten Zugriff auf die erhaltenen Daten oder deren Weitergabe zu verhindern, die Richtigkeit der pers\u00f6nlichen Daten zu bewahren und ihre angemessene Verwendung zu gew\u00e4hrleisten, setzen wir geeignete technische und organisatorische Verfahren ein, um die von uns erhobenen Daten zu sichern. <\/p>\n<h3><strong>1 Wer ist der Sammler der pers\u00f6nlichen Daten?<\/strong><\/h3>\n<p>Der Datensammler ist <strong>Peter Kodermac s.p., Brod 7, 1370 Logatec, Slowenien<\/strong><strong> (im Folgenden als der Datenverantwortliche bezeichnet).<\/strong> <\/p>\n<h3><strong>2. welche Daten sammeln wir?<\/strong><\/h3>\n<p>Der f\u00fcr die Datenverarbeitung Verantwortliche erhebt, verwaltet, verarbeitet und speichert die folgenden Nutzerdaten zum Zwecke der Bereitstellung der angebotenen Dienste:<\/p>\n<ul>\n<li>Vor- und Nachname;<\/li>\n<li>Kontaktadressen;<\/li>\n<li>E-Mail Adresse (Benutzername);<\/li>\n<li>Ihre IP-Nummer;<\/li>\n<li>eine Kontakttelefonnummer;<\/li>\n<li>andere Informationen, die der Benutzer freiwillig in die Formulare eingibt;<\/li>\n<\/ul>\n<p>Der Data Controller ist nicht verantwortlich f\u00fcr die Richtigkeit, Vollst\u00e4ndigkeit und Aktualit\u00e4t der von den Benutzern eingegebenen Daten.<\/p>\n<h3><strong>3. f\u00fcr welche Zwecke erheben wir personenbezogene Daten?<\/strong><\/h3>\n<p>Der Datenverantwortliche ist verpflichtet, die personenbezogenen Daten der Nutzer seiner Website gem\u00e4\u00df den Vorschriften zum Schutz personenbezogener Daten zu sch\u00fctzen. Unter keinen Umst\u00e4nden wird der Datenverantwortliche die pers\u00f6nlichen oder sonstigen Daten des Nutzers ohne dessen ausdr\u00fcckliche Zustimmung an Dritte weitergeben oder einem Dritten die Einsichtnahme in die pers\u00f6nlichen oder sonstigen Daten des Nutzers gestatten, es sei denn, er wird von den Beh\u00f6rden dazu aufgefordert, wenn eine solche Verpflichtung gesetzlich vorgesehen ist oder in dem guten Glauben, dass eine solche Ma\u00dfnahme f\u00fcr ein Gerichtsverfahren vor einem Gericht oder einer anderen Beh\u00f6rde oder f\u00fcr den Schutz und die Verfolgung der berechtigten Interessen des Datenverantwortlichen erforderlich ist. Alle vom Nutzer zur Verf\u00fcgung gestellten pers\u00f6nlichen und sonstigen Daten werden gem\u00e4\u00df den Vorschriften zum Schutz personenbezogener Daten gesch\u00fctzt. Der Datenverantwortliche wird diese Daten nicht f\u00fcr Zwecke verwenden, die dem Nutzer oder einer anderen betroffenen Person in irgendeiner Weise schaden w\u00fcrden. Der f\u00fcr die Datenverarbeitung Verantwortliche wird die Daten des Nutzers nicht verwenden, um Werbe-E-Mails oder anderes unaufgefordertes Werbematerial zu versenden, es sei denn, es handelt sich um den Versand von Werbemitteilungen, die der Nutzer abonniert oder zu denen er seine Zustimmung gegeben hat. Der f\u00fcr die Verarbeitung Verantwortliche kann die Daten in anonymisierter, aggregierter Form f\u00fcr statistische Analysezwecke verwenden.<br \/>\nDie Vertraulichkeit der pers\u00f6nlichen Daten und anderer Daten der Benutzer wird in keiner Form verletzt. <strong>Kommunikation \u00fcber das Online-Kontaktformular<\/strong> Auf der Website ist es m\u00f6glich, uns \u00fcber das Online-Kontaktformular zu kontaktieren, um sich \u00fcber Dienstleistungen zu erkundigen oder Fragen an die E-Mail-Adresse zu senden. Es ist auch m\u00f6glich, uns direkt per E-Mail, per Post oder per Telekommunikation zu kontaktieren. Wenn Sie unser Online-Formular ausf\u00fcllen, um eine Anfrage zu stellen, einen Kommentar abzugeben oder eine Frage zu stellen, m\u00fcssen Sie die Felder &#8220;Vor- und Nachname&#8221;, &#8220;E-Mail-Adresse&#8221; und &#8220;Nachricht&#8221; ausf\u00fcllen. Sie m\u00fcssen au\u00dferdem ausdr\u00fccklich best\u00e4tigen, dass Sie mit dem Absenden Ihrer Anfrage, Ihres Kommentars oder Ihrer Frage \u00fcber das Kontaktformular und der Eingabe Ihrer Daten damit einverstanden sind und anerkennen, dass Ihre Daten (Name, E-Mail-Adresse und Telefonnummer) f\u00fcr 2 Jahre nach dem Absenden des Kontaktformulars in unserer Datenbank gespeichert werden, um Kundenaufzeichnungen zu f\u00fchren und eine faire Kommunikation zu gew\u00e4hrleisten, und dass Sie verstehen, dass Sie uns jederzeit um die L\u00f6schung Ihrer Daten bitten k\u00f6nnen. Sie k\u00f6nnen die L\u00f6schung Ihrer Daten \u00fcber das Kontaktformular hier beantragen. Wenn Sie nicht angeben, dass Sie mit der Datenschutzrichtlinie einverstanden sind, wird Ihre E-Mail-Anfrage nicht erfolgreich an uns weitergeleitet. Wir ben\u00f6tigen Ihre pers\u00f6nlichen Daten, um Ihre Anfrage oder Frage zu unseren Dienstleistungen beantworten zu k\u00f6nnen. Wir werden die von Ihnen in das Online-Formular eingegebenen Daten nur dann verarbeiten, wenn dies f\u00fcr unseren Gesch\u00e4ftsbetrieb und die Speicherung (Archivierung) erforderlich ist. Der f\u00fcr die Datenverarbeitung Verantwortliche wird die personenbezogenen Daten der Nutzer nur so lange in der pers\u00f6nlichen Datenbank aufbewahren, wie es unbedingt erforderlich ist, um den Zweck zu erreichen, f\u00fcr den die personenbezogenen Daten erhoben und aufbewahrt werden.    <\/p>\n<h3><strong>4. die Umsetzung der Datenschutzrichtlinie<\/strong><\/h3>\n<p>In \u00dcbereinstimmung mit dem Gesetz zum Schutz personenbezogener Daten hat der Data Controller den Schutz personenbezogener Daten in der Verordnung zum Schutz personenbezogener Daten geregelt. Alle Personen, die bei dem Data Controller haupt- oder nebenberuflich besch\u00e4ftigt sind und Zugang zu personenbezogenen und anderen Daten von Nutzern haben, kennen die Bestimmungen der Datenschutzverordnung und die Pflicht zum Schutz personenbezogener und anderer Daten und sind verpflichtet, diese Bestimmungen zum Schutz der Vertraulichkeit personenbezogener Daten und der Privatsph\u00e4re der Nutzer des Online-Shops einzuhalten. Die Verpflichtung zum Schutz personenbezogener und sonstiger Daten gilt auf unbestimmte Zeit, auch nach Beendigung der Beziehung mit dem Data Controller.<\/p>\n<h3><strong>5. Ihre Rechte<\/strong><\/h3>\n<p>Wir sind verpflichtet, personenbezogene Daten nur f\u00fcr den Zweck zu verarbeiten, f\u00fcr den sie erhoben wurden. Sie haben das Recht, uns in dieser Hinsicht zu kontrollieren. Sie k\u00f6nnen jederzeit von uns verlangen, dass wir Ihnen Zugang zu Ihren von uns verarbeiteten personenbezogenen Daten gew\u00e4hren, Ihnen Auskunft (Kopie, Auszug) \u00fcber die Verarbeitung Ihrer personenbezogenen Daten geben oder die Berichtigung, das Verbot der Verarbeitung oder die L\u00f6schung Ihrer personenbezogenen Daten verlangen. Sie k\u00f6nnen die Berichtigung, das Verbot der Verarbeitung oder die L\u00f6schung Ihrer personenbezogenen Daten beantragen, indem Sie das Kontaktformular verwenden. Bitte senden Sie Ihre Fragen oder W\u00fcnsche an unsere E-Mail-Adresse oder rufen Sie uns an. Wenn Sie mit unserer Antwort auf Ihren Antrag auf Zugang, Berichtigung, Verbot der Verarbeitung oder L\u00f6schung Ihrer personenbezogenen Daten nicht zufrieden sind oder wenn Sie glauben, dass Ihre Rechte auf den Schutz Ihrer personenbezogenen Daten verletzt wurden, k\u00f6nnen Sie eine Beschwerde bei der nationalen Aufsichtsbeh\u00f6rde unter folgender Adresse einreichen: Republik Slowenien, Informationsbeauftragter, Zalo\u0161ka 59, 1000 Ljubljana.    <\/p>\n<h3><strong>6. weitere Klarstellungen<\/strong><\/h3>\n<p>Wenn Sie Fragen, Bedenken oder Kommentare zu dieser Datenschutzrichtlinie haben, k\u00f6nnen Sie uns auch per E-Mail kontaktieren: <a class=\"oajrlxb2 g5ia77u1 qu0x051f esr5mh6w e9989ue4 r7d6kgcz rq0escxv nhd2j8a9 nc684nl6 p7hjln8o kvgmc6g5 cxmmr5t8 oygrvhab hcukyx3x jb3vyjys rz4wbd8a qt6c0cv9 a8nywdso i1ao9s8h esuyzwwr f1sip0of lzcic4wl py34i1dx gpro0wi8\" tabindex=\"0\" role=\"link\" href=\"mailto:info@kolpa-rozi.com\" target=\"_blank\" rel=\"noopener\">info@kolpa-rozi.com<\/a><\/p>\n","protected":false},"excerpt":{"rendered":"<p>SCHUTZ DER PERS\u00d6NLICHEN DATEN Wir respektieren Ihre Privatsph\u00e4re und verpflichten uns, die \u00fcber das Online-Informationssystem gesammelten pers\u00f6nlichen Daten zu sch\u00fctzen und sie nicht ohne Ihre Zustimmung an Dritte weiterzugeben oder f\u00fcr andere Zwecke zu verwenden. Da es im Online-Informationssystem bestimmte Links zu anderen, externen Websites gibt, die nicht mit uns verbunden sind, \u00fcbernehmen wir keine [&hellip;]<\/p>\n","protected":false},"author":1,"featured_media":0,"parent":0,"menu_order":0,"comment_status":"closed","ping_status":"closed","template":"","meta":{"inline_featured_image":false,"_monsterinsights_skip_tracking":false,"footnotes":""},"class_list":["post-7647","page","type-page","status-publish","hentry"],"_links":{"self":[{"href":"https:\/\/alp-rent.com\/de\/wp-json\/wp\/v2\/pages\/7647","targetHints":{"allow":["GET"]}}],"collection":[{"href":"https:\/\/alp-rent.com\/de\/wp-json\/wp\/v2\/pages"}],"about":[{"href":"https:\/\/alp-rent.com\/de\/wp-json\/wp\/v2\/types\/page"}],"author":[{"embeddable":true,"href":"https:\/\/alp-rent.com\/de\/wp-json\/wp\/v2\/users\/1"}],"replies":[{"embeddable":true,"href":"https:\/\/alp-rent.com\/de\/wp-json\/wp\/v2\/comments?post=7647"}],"version-history":[{"count":0,"href":"https:\/\/alp-rent.com\/de\/wp-json\/wp\/v2\/pages\/7647\/revisions"}],"wp:attachment":[{"href":"https:\/\/alp-rent.com\/de\/wp-json\/wp\/v2\/media?parent=7647"}],"curies":[{"name":"wp","href":"https:\/\/api.w.org\/{rel}","templated":true}]}}

<h2><strong>SCHUTZ DER PERSÖNLICHEN DATEN</strong></h2>
<p>Wir respektieren Ihre Privatsphäre und verpflichten uns, die über das Online-Informationssystem gesammelten persönlichen Daten zu schützen und sie nicht ohne Ihre Zustimmung an Dritte weiterzugeben oder für andere Zwecke zu verwenden. Da es im Online-Informationssystem bestimmte Links zu anderen, externen Websites gibt, die nicht mit uns verbunden sind, übernehmen wir keine Verantwortung für den Schutz der Daten auf diesen Websites. Gleichzeitig verpflichten wir uns, unser Bestes zu tun, um die Daten und die Privatsphäre der Besucher der Website zu schützen. Um den unbefugten Zugriff auf die erhaltenen Daten oder deren Weitergabe zu verhindern, die Richtigkeit der persönlichen Daten zu bewahren und ihre angemessene Verwendung zu gewährleisten, setzen wir geeignete technische und organisatorische Verfahren ein, um die von uns erhobenen Daten zu sichern. </p>
<h3><strong>1 Wer ist der Sammler der persönlichen Daten?</strong></h3>
<p>Der Datensammler ist <strong>Peter Kodermac s.p., Brod 7, 1370 Logatec, Slowenien</strong><strong> (im Folgenden als der Datenverantwortliche bezeichnet).</strong> </p>
<h3><strong>2. welche Daten sammeln wir?</strong></h3>
<p>Der für die Datenverarbeitung Verantwortliche erhebt, verwaltet, verarbeitet und speichert die folgenden Nutzerdaten zum Zwecke der Bereitstellung der angebotenen Dienste:</p>
<ul>
<li>Vor- und Nachname;</li>
<li>Kontaktadressen;</li>
<li>E-Mail Adresse (Benutzername);</li>
<li>Ihre IP-Nummer;</li>
<li>eine Kontakttelefonnummer;</li>
<li>andere Informationen, die der Benutzer freiwillig in die Formulare eingibt;</li>
</ul>
<p>Der Data Controller ist nicht verantwortlich für die Richtigkeit, Vollständigkeit und Aktualität der von den Benutzern eingegebenen Daten.</p>
<h3><strong>3. für welche Zwecke erheben wir personenbezogene Daten?</strong></h3>
<p>Der Datenverantwortliche ist verpflichtet, die personenbezogenen Daten der Nutzer seiner Website gemäß den Vorschriften zum Schutz personenbezogener Daten zu schützen. Unter keinen Umständen wird der Datenverantwortliche die persönlichen oder sonstigen Daten des Nutzers ohne dessen ausdrückliche Zustimmung an Dritte weitergeben oder einem Dritten die Einsichtnahme in die persönlichen oder sonstigen Daten des Nutzers gestatten, es sei denn, er wird von den Behörden dazu aufgefordert, wenn eine solche Verpflichtung gesetzlich vorgesehen ist oder in dem guten Glauben, dass eine solche Maßnahme für ein Gerichtsverfahren vor einem Gericht oder einer anderen Behörde oder für den Schutz und die Verfolgung der berechtigten Interessen des Datenverantwortlichen erforderlich ist. Alle vom Nutzer zur Verfügung gestellten persönlichen und sonstigen Daten werden gemäß den Vorschriften zum Schutz personenbezogener Daten geschützt. Der Datenverantwortliche wird diese Daten nicht für Zwecke verwenden, die dem Nutzer oder einer anderen betroffenen Person in irgendeiner Weise schaden würden. Der für die Datenverarbeitung Verantwortliche wird die Daten des Nutzers nicht verwenden, um Werbe-E-Mails oder anderes unaufgefordertes Werbematerial zu versenden, es sei denn, es handelt sich um den Versand von Werbemitteilungen, die der Nutzer abonniert oder zu denen er seine Zustimmung gegeben hat. Der für die Verarbeitung Verantwortliche kann die Daten in anonymisierter, aggregierter Form für statistische Analysezwecke verwenden.<br />
Die Vertraulichkeit der persönlichen Daten und anderer Daten der Benutzer wird in keiner Form verletzt. <strong>Kommunikation über das Online-Kontaktformular</strong> Auf der Website ist es möglich, uns über das Online-Kontaktformular zu kontaktieren, um sich über Dienstleistungen zu erkundigen oder Fragen an die E-Mail-Adresse zu senden. Es ist auch möglich, uns direkt per E-Mail, per Post oder per Telekommunikation zu kontaktieren. Wenn Sie unser Online-Formular ausfüllen, um eine Anfrage zu stellen, einen Kommentar abzugeben oder eine Frage zu stellen, müssen Sie die Felder &#8220;Vor- und Nachname&#8221;, &#8220;E-Mail-Adresse&#8221; und &#8220;Nachricht&#8221; ausfüllen. Sie müssen außerdem ausdrücklich bestätigen, dass Sie mit dem Absenden Ihrer Anfrage, Ihres Kommentars oder Ihrer Frage über das Kontaktformular und der Eingabe Ihrer Daten damit einverstanden sind und anerkennen, dass Ihre Daten (Name, E-Mail-Adresse und Telefonnummer) für 2 Jahre nach dem Absenden des Kontaktformulars in unserer Datenbank gespeichert werden, um Kundenaufzeichnungen zu führen und eine faire Kommunikation zu gewährleisten, und dass Sie verstehen, dass Sie uns jederzeit um die Löschung Ihrer Daten bitten können. Sie können die Löschung Ihrer Daten über das Kontaktformular hier beantragen. Wenn Sie nicht angeben, dass Sie mit der Datenschutzrichtlinie einverstanden sind, wird Ihre E-Mail-Anfrage nicht erfolgreich an uns weitergeleitet. Wir benötigen Ihre persönlichen Daten, um Ihre Anfrage oder Frage zu unseren Dienstleistungen beantworten zu können. Wir werden die von Ihnen in das Online-Formular eingegebenen Daten nur dann verarbeiten, wenn dies für unseren Geschäftsbetrieb und die Speicherung (Archivierung) erforderlich ist. Der für die Datenverarbeitung Verantwortliche wird die personenbezogenen Daten der Nutzer nur so lange in der persönlichen Datenbank aufbewahren, wie es unbedingt erforderlich ist, um den Zweck zu erreichen, für den die personenbezogenen Daten erhoben und aufbewahrt werden.    </p>
<h3><strong>4. die Umsetzung der Datenschutzrichtlinie</strong></h3>
<p>In Übereinstimmung mit dem Gesetz zum Schutz personenbezogener Daten hat der Data Controller den Schutz personenbezogener Daten in der Verordnung zum Schutz personenbezogener Daten geregelt. Alle Personen, die bei dem Data Controller haupt- oder nebenberuflich beschäftigt sind und Zugang zu personenbezogenen und anderen Daten von Nutzern haben, kennen die Bestimmungen der Datenschutzverordnung und die Pflicht zum Schutz personenbezogener und anderer Daten und sind verpflichtet, diese Bestimmungen zum Schutz der Vertraulichkeit personenbezogener Daten und der Privatsphäre der Nutzer des Online-Shops einzuhalten. Die Verpflichtung zum Schutz personenbezogener und sonstiger Daten gilt auf unbestimmte Zeit, auch nach Beendigung der Beziehung mit dem Data Controller.</p>
<h3><strong>5. Ihre Rechte</strong></h3>
<p>Wir sind verpflichtet, personenbezogene Daten nur für den Zweck zu verarbeiten, für den sie erhoben wurden. Sie haben das Recht, uns in dieser Hinsicht zu kontrollieren. Sie können jederzeit von uns verlangen, dass wir Ihnen Zugang zu Ihren von uns verarbeiteten personenbezogenen Daten gewähren, Ihnen Auskunft (Kopie, Auszug) über die Verarbeitung Ihrer personenbezogenen Daten geben oder die Berichtigung, das Verbot der Verarbeitung oder die Löschung Ihrer personenbezogenen Daten verlangen. Sie können die Berichtigung, das Verbot der Verarbeitung oder die Löschung Ihrer personenbezogenen Daten beantragen, indem Sie das Kontaktformular verwenden. Bitte senden Sie Ihre Fragen oder Wünsche an unsere E-Mail-Adresse oder rufen Sie uns an. Wenn Sie mit unserer Antwort auf Ihren Antrag auf Zugang, Berichtigung, Verbot der Verarbeitung oder Löschung Ihrer personenbezogenen Daten nicht zufrieden sind oder wenn Sie glauben, dass Ihre Rechte auf den Schutz Ihrer personenbezogenen Daten verletzt wurden, können Sie eine Beschwerde bei der nationalen Aufsichtsbehörde unter folgender Adresse einreichen: Republik Slowenien, Informationsbeauftragter, Zaloška 59, 1000 Ljubljana.    </p>
<h3><strong>6. weitere Klarstellungen</strong></h3>
<p>Wenn Sie Fragen, Bedenken oder Kommentare zu dieser Datenschutzrichtlinie haben, können Sie uns auch per E-Mail kontaktieren: <a class="oajrlxb2 g5ia77u1 qu0x051f esr5mh6w e9989ue4 r7d6kgcz rq0escxv nhd2j8a9 nc684nl6 p7hjln8o kvgmc6g5 cxmmr5t8 oygrvhab hcukyx3x jb3vyjys rz4wbd8a qt6c0cv9 a8nywdso i1ao9s8h esuyzwwr f1sip0of lzcic4wl py34i1dx gpro0wi8" tabindex="0" role="link" href="mailto:info@kolpa-rozi.com" target="_blank" rel="noopener">info@kolpa-rozi.com</a></p>

<p>SCHUTZ DER PERSÖNLICHEN DATEN Wir respektieren Ihre Privatsphäre und verpflichten uns, die über das Online-Informationssystem gesammelten persönlichen Daten zu schützen und sie nicht ohne Ihre Zustimmung an Dritte weiterzugeben oder für andere Zwecke zu verwenden. Da es im Online-Informationssystem bestimmte Links zu anderen, externen Websites gibt, die nicht mit uns verbunden sind, übernehmen wir keine [&hellip;]</p>
